{"id":3110,"date":"2024-05-26T17:26:25","date_gmt":"2024-05-26T22:26:25","guid":{"rendered":"https:\/\/macrumo.com.pe\/paratuhogar\/?post_type=product&#038;p=3110"},"modified":"2026-03-18T18:22:29","modified_gmt":"2026-03-18T23:22:29","slug":"colchon-ergonomico-premiun-modelo-medallon-ergosoft-marca-paraiso-2-plazas-resortes-cosisoft-1-almohada-1-protector","status":"publish","type":"product","link":"https:\/\/macrumo.com.pe\/paratuhogar\/producto\/colchones\/colchon-ergonomico-premiun-modelo-medallon-ergosoft-marca-paraiso-2-plazas-resortes-cosisoft-1-almohada-1-protector\/","title":{"rendered":"COLCHON PARAISO ERGONOMICO PREMIUN MODELO: MEDALL\u00d3N ERGOSOFT  2 PLAZAS (299 RESORTES COSISOFT) + 1 ALMOHADA + 1 PROTECTOR"},"content":{"rendered":"<p><center><b>Recarga energ\u00edas con un descanso placentero<\/b><\/center>&nbsp;<\/p>\n<p>Hace m\u00e1s de 50 a\u00f1os,\u00a0<b>Para\u00edso del Per\u00fa<\/b>\u00a0dio inicio a sus actividades, convirti\u00e9ndose a lo largo de estos a\u00f1os en un referente de descanso y bienestar. El crecimiento de esta empresa peruana ha ido de la mano de una estrategia de alta innovaci\u00f3n. Por ello, cuenta con una patente internacional\u00a0<b>(espumas Zebra)\u00a0<\/b>y aplican tecnolog\u00eda de avanzada a sus productos como la<b>\u00a0oxobiodegradable\u00a0<\/b>en empaques y\u00a0<b>bolsas flexibles<\/b>, y<b>\u00a0Memory Foam (tecnolog\u00eda de la NASA)<\/b>\u00a0para brindar una comodidad \u00fanica. Para\u00edso ha logrado posicionarse dentro del mercado peruano gracias a su compromiso absoluto con la calidad y a la satisfacci\u00f3n del cliente.<\/p>\n<p>Importante:<\/p>\n<ul>\n<li>Somos Distribuidores, si nos compras el producto ahorraras en el transporte. Lo despacharemos junto a tu cama o camarote.<\/li>\n<li>Si estas adquiriendo una cama o camarote, solicita un descuento adicional.<\/li>\n<\/ul>\n","protected":false},"excerpt":{"rendered":"<p>La l\u00ednea\u00a0<b>Medall\u00f3n Ergo\u00a0<\/b>est\u00e1 elaborada con resistente tela Jacquard.Sus resortes Cosisoft proporcionan mayor ergonom\u00eda y su\u00a0<b>espuma prensada\u00a0<\/b>mayor firmeza para brindar un buen soporte durante el descanso. Adem\u00e1s, cuenta con el sistema Flow Cell que permite el libre paso del aire y un acolchado Ergosoft que brinda extra comodidad. Para\u00edso te ofrece productos de calidad con una garant\u00eda de\u00a0<b>6 a\u00f1os para el panel de resortes<\/b>,\u00a0<b>3 a\u00f1os para telas y capas internas<\/b>.<\/p>\n<p>&nbsp;<\/p>\n<table>\n<tbody>\n<tr class=\"even\">\n<th class=\"name-field Alto\">Alto<\/th>\n<td class=\"value-field Alto\">27 cm<\/td>\n<\/tr>\n<tr>\n<th class=\"name-field Ancho\">Ancho<\/th>\n<td class=\"value-field Ancho\">135 cm<\/td>\n<\/tr>\n<tr class=\"even\">\n<th class=\"name-field Color\">Color<\/th>\n<td class=\"value-field Color\">Blanco<\/td>\n<\/tr>\n<tr>\n<th class=\"name-field Garantia\">Garant\u00eda<\/th>\n<td class=\"value-field Garantia\">7 a\u00f1os<\/td>\n<\/tr>\n<tr class=\"even\">\n<th class=\"name-field Incluye\">Incluye<\/th>\n<td class=\"value-field Incluye\">01 almohada de fibra sint\u00e9tica + 01 protector de tela sint\u00e9tica<\/td>\n<\/tr>\n<tr>\n<th class=\"name-field Modelo\">Modelo<\/th>\n<td class=\"value-field Modelo\">Medall\u00f3n Ergosoft<\/td>\n<\/tr>\n<tr class=\"even\">\n<th class=\"name-field Numero-de-cajones\">N\u00famero de cajones<\/th>\n<td class=\"value-field Numero-de-cajones\">No<\/td>\n<\/tr>\n<tr>\n<th class=\"name-field Profundidad\">Profundidad<\/th>\n<td class=\"value-field Profundidad\">190 cm<\/td>\n<\/tr>\n<tr class=\"even\">\n<th class=\"name-field Sistema-De-Ventilacion\">Sistema De Ventilaci\u00f3n<\/th>\n<td class=\"value-field Sistema-De-Ventilacion\">S\u00cd<\/td>\n<\/tr>\n<tr>\n<th class=\"name-field Beneficios\">Beneficios<\/th>\n<td class=\"value-field Beneficios\">Elaborado con espumas Zebra y resortes Cosisoft, Medall\u00f3n Ergo est\u00e1 cubierto con tejido de punto en la tapa y resistente tela Jacquard en la banda. Adem\u00e1s, cuenta con el sistema Flow Cell que permite el libre paso del aire un acolchado ergosoft que brinda extra comodidad.<\/td>\n<\/tr>\n<tr class=\"even\">\n<th class=\"name-field Cantidad-De-Resortes\">Cantidad De Resortes<\/th>\n<td class=\"value-field Cantidad-De-Resortes\">299<\/td>\n<\/tr>\n<tr>\n<th class=\"name-field Familia\">Familia<\/th>\n<td class=\"value-field Familia\">Premium<\/td>\n<\/tr>\n<tr class=\"even\">\n<th class=\"name-field Lados-De-Uso\">Lados De Uso<\/th>\n<td class=\"value-field Lados-De-Uso\">1<\/td>\n<\/tr>\n<tr>\n<th class=\"name-field Material-De-La-Tela-Del-Colchon\">Material De La Tela Del Colch\u00f3n<\/th>\n<td class=\"value-field Material-De-La-Tela-Del-Colchon\">Jacquard<\/td>\n<\/tr>\n<tr class=\"even\">\n<th class=\"name-field Incluye-Almohada\">Incluye Almohada<\/th>\n<td class=\"value-field Incluye-Almohada\">S\u00ed<\/td>\n<\/tr>\n<tr>\n<th class=\"name-field Incluye-Protector\">Incluye Protector<\/th>\n<td class=\"value-field Incluye-Protector\">S\u00ed<\/td>\n<\/tr>\n<tr class=\"even\">\n<th class=\"name-field Largo-Cm-\">Largo (Cm)<\/th>\n<td class=\"value-field Largo-Cm-\">190<\/td>\n<\/tr>\n<tr>\n<th class=\"name-field Plazas\">Plazas<\/th>\n<td class=\"value-field Plazas\">1.5<\/td>\n<\/tr>\n<tr class=\"even\">\n<th class=\"name-field Tipo-de-Resortes\">Tipo de Resortes<\/th>\n<td class=\"value-field Tipo-de-Resortes\">Cosisoft<\/td>\n<\/tr>\n<\/tbody>\n<\/table>\n","protected":false},"featured_media":4558,"comment_status":"closed","ping_status":"closed","template":"","meta":{"site-sidebar-layout":"default","site-content-layout":"","ast-site-content-layout":"default","site-content-style":"default","site-sidebar-style":"default","ast-global-header-display":"","ast-banner-title-visibility":"","ast-main-header-display":"","ast-hfb-above-header-display":"","ast-hfb-below-header-display":"","ast-hfb-mobile-header-display":"","site-post-title":"","ast-breadcrumbs-content":"","ast-featured-img":"","footer-sml-layout":"","ast-disable-related-posts":"","theme-transparent-header-meta":"default","adv-header-id-meta":"","stick-header-meta":"default","header-above-stick-meta":"","header-main-stick-meta":"","header-below-stick-meta":"","astra-migrate-meta-layouts":"set","ast-page-background-enabled":"default","ast-page-background-meta":{"desktop":{"background-color":"var(--ast-global-color-4)","background-image":"","background-repeat":"repeat","background-position":"center center","background-size":"auto","background-attachment":"scroll","background-type":"","background-media":"","overlay-type":"","overlay-color":"","overlay-opacity":"","overlay-gradient":""},"tablet":{"background-color":"","background-image":"","background-repeat":"repeat","background-position":"center center","background-size":"auto","background-attachment":"scroll","background-type":"","background-media":"","overlay-type":"","overlay-color":"","overlay-opacity":"","overlay-gradient":""},"mobile":{"background-color":"","background-image":"","background-repeat":"repeat","background-position":"center center","background-size":"auto","background-attachment":"scroll","background-type":"","background-media":"","overlay-type":"","overlay-color":"","overlay-opacity":"","overlay-gradient":""}},"ast-content-background-meta":{"desktop":{"background-color":"var(--ast-global-color-5)","background-image":"","background-repeat":"repeat","background-position":"center center","background-size":"auto","background-attachment":"scroll","background-type":"","background-media":"","overlay-type":"","overlay-color":"","overlay-opacity":"","overlay-gradient":""},"tablet":{"background-color":"var(--ast-global-color-5)","background-image":"","background-repeat":"repeat","background-position":"center center","background-size":"auto","background-attachment":"scroll","background-type":"","background-media":"","overlay-type":"","overlay-color":"","overlay-opacity":"","overlay-gradient":""},"mobile":{"background-color":"var(--ast-global-color-5)","background-image":"","background-repeat":"repeat","background-position":"center center","background-size":"auto","background-attachment":"scroll","background-type":"","background-media":"","overlay-type":"","overlay-color":"","overlay-opacity":"","overlay-gradient":""}}},"product_brand":[],"product_cat":[41],"product_tag":[],"manta":[],"temporada":[],"estilo":[],"tamano":[33],"class_list":{"0":"post-3110","1":"product","2":"type-product","3":"status-publish","4":"has-post-thumbnail","6":"product_cat-colchones","7":"tamano-15-plazas","8":"desktop-align-left","9":"tablet-align-left","10":"mobile-align-left","11":"ast-product-gallery-layout-vertical-slider","12":"ast-magnify-disabled","13":"ast-product-tabs-layout-horizontal","15":"first","16":"instock","17":"sale","18":"shipping-taxable","19":"purchasable","20":"product-type-simple"},"yoast_head":"<!-- This site is optimized with the Yoast SEO Premium plugin v23.0 (Yoast SEO v27.4) - https:\/\/yoast.com\/product\/yoast-seo-premium-wordpress\/ -->\n<title>COLCHON PARAISO ERGONOMICO PREMIUN MODELO: MEDALL\u00d3N ERGOSOFT 2 PLAZAS (299 RESORTES COSISOFT) + 1 ALMOHADA + 1 PROTECTOR - Macrumo<\/title>\n<meta name=\"robots\" content=\"index, follow, max-snippet:-1, max-image-preview:large, max-video-preview:-1\" \/>\n<link rel=\"canonical\" href=\"https:\/\/macrumo.com.pe\/paratuhogar\/producto\/colchones\/colchon-ergonomico-premiun-modelo-medallon-ergosoft-marca-paraiso-2-plazas-resortes-cosisoft-1-almohada-1-protector\/\" \/>\n<meta property=\"og:locale\" content=\"es_ES\" \/>\n<meta property=\"og:type\" content=\"article\" \/>\n<meta property=\"og:title\" content=\"COLCHON PARAISO ERGONOMICO PREMIUN MODELO: MEDALL\u00d3N ERGOSOFT 2 PLAZAS (299 RESORTES COSISOFT) + 1 ALMOHADA + 1 PROTECTOR\" \/>\n<meta property=\"og:description\" content=\"La l\u00ednea\u00a0Medall\u00f3n Ergo\u00a0est\u00e1 elaborada con resistente tela Jacquard.Sus resortes Cosisoft proporcionan mayor ergonom\u00eda y su\u00a0espuma prensada\u00a0mayor firmeza para brindar un buen soporte durante el descanso. Adem\u00e1s, cuenta con el sistema Flow Cell que permite el libre paso del aire y un acolchado Ergosoft que brinda extra comodidad. Para\u00edso te ofrece productos de calidad con una garant\u00eda de\u00a06 a\u00f1os para el panel de resortes,\u00a03 a\u00f1os para telas y capas internas.  &nbsp;    Alto 27 cm   Ancho 135 cm   Color Blanco   Garant\u00eda 7 a\u00f1os   Incluye 01 almohada de fibra sint\u00e9tica + 01 protector de tela sint\u00e9tica   Modelo Medall\u00f3n Ergosoft   N\u00famero de cajones No   Profundidad 190 cm   Sistema De Ventilaci\u00f3n S\u00cd   Beneficios Elaborado con espumas Zebra y resortes Cosisoft, Medall\u00f3n Ergo est\u00e1 cubierto con tejido de punto en la tapa y resistente tela Jacquard en la banda. Adem\u00e1s, cuenta con el sistema Flow Cell que permite el libre paso del aire un acolchado ergosoft que brinda extra comodidad.   Cantidad De Resortes 299   Familia Premium   Lados De Uso 1   Material De La Tela Del Colch\u00f3n Jacquard   Incluye Almohada S\u00ed   Incluye Protector S\u00ed   Largo (Cm) 190   Plazas 1.5   Tipo de Resortes Cosisoft\" \/>\n<meta property=\"og:url\" content=\"https:\/\/macrumo.com.pe\/paratuhogar\/producto\/colchones\/colchon-ergonomico-premiun-modelo-medallon-ergosoft-marca-paraiso-2-plazas-resortes-cosisoft-1-almohada-1-protector\/\" \/>\n<meta property=\"og:site_name\" content=\"Macrumo\" \/>\n<meta property=\"article:publisher\" content=\"https:\/\/www.facebook.com\/Macrumo.com.pe\" \/>\n<meta property=\"article:modified_time\" content=\"2026-03-18T23:22:29+00:00\" \/>\n<meta property=\"og:image\" content=\"https:\/\/macrumo.com.pe\/paratuhogar\/wp-content\/uploads\/2024\/07\/COLCHON-PARAISO-ERGONOMICO-PREMIUN-MODELO-MEDALLON-ERGOSOFT-2-PLAZAS-299-RESORTES-COSISOFT-1-ALMOHADA-1-PROTECTOR.jpg\" \/>\n\t<meta property=\"og:image:width\" content=\"800\" \/>\n\t<meta property=\"og:image:height\" content=\"800\" \/>\n\t<meta property=\"og:image:type\" content=\"image\/jpeg\" \/>\n<meta name=\"twitter:card\" content=\"summary_large_image\" \/>\n<meta name=\"twitter:label1\" content=\"Tiempo de lectura\" \/>\n\t<meta name=\"twitter:data1\" content=\"1 minuto\" \/>\n<script type=\"application\/ld+json\" class=\"yoast-schema-graph\">{\"@context\":\"https:\\\/\\\/schema.org\",\"@graph\":[{\"@type\":\"WebPage\",\"@id\":\"https:\\\/\\\/macrumo.com.pe\\\/paratuhogar\\\/producto\\\/colchones\\\/colchon-ergonomico-premiun-modelo-medallon-ergosoft-marca-paraiso-2-plazas-resortes-cosisoft-1-almohada-1-protector\\\/\",\"url\":\"https:\\\/\\\/macrumo.com.pe\\\/paratuhogar\\\/producto\\\/colchones\\\/colchon-ergonomico-premiun-modelo-medallon-ergosoft-marca-paraiso-2-plazas-resortes-cosisoft-1-almohada-1-protector\\\/\",\"name\":\"COLCHON PARAISO ERGONOMICO PREMIUN MODELO: MEDALL\u00d3N ERGOSOFT 2 PLAZAS (299 RESORTES COSISOFT) + 1 ALMOHADA + 1 PROTECTOR - Macrumo\",\"isPartOf\":{\"@id\":\"https:\\\/\\\/macrumo.com.pe\\\/paratuhogar\\\/#website\"},\"primaryImageOfPage\":{\"@id\":\"https:\\\/\\\/macrumo.com.pe\\\/paratuhogar\\\/producto\\\/colchones\\\/colchon-ergonomico-premiun-modelo-medallon-ergosoft-marca-paraiso-2-plazas-resortes-cosisoft-1-almohada-1-protector\\\/#primaryimage\"},\"image\":{\"@id\":\"https:\\\/\\\/macrumo.com.pe\\\/paratuhogar\\\/producto\\\/colchones\\\/colchon-ergonomico-premiun-modelo-medallon-ergosoft-marca-paraiso-2-plazas-resortes-cosisoft-1-almohada-1-protector\\\/#primaryimage\"},\"thumbnailUrl\":\"https:\\\/\\\/macrumo.com.pe\\\/paratuhogar\\\/wp-content\\\/uploads\\\/2024\\\/07\\\/COLCHON-PARAISO-ERGONOMICO-PREMIUN-MODELO-MEDALLON-ERGOSOFT-2-PLAZAS-299-RESORTES-COSISOFT-1-ALMOHADA-1-PROTECTOR.jpg\",\"datePublished\":\"2024-05-26T22:26:25+00:00\",\"dateModified\":\"2026-03-18T23:22:29+00:00\",\"breadcrumb\":{\"@id\":\"https:\\\/\\\/macrumo.com.pe\\\/paratuhogar\\\/producto\\\/colchones\\\/colchon-ergonomico-premiun-modelo-medallon-ergosoft-marca-paraiso-2-plazas-resortes-cosisoft-1-almohada-1-protector\\\/#breadcrumb\"},\"inLanguage\":\"es\",\"potentialAction\":[{\"@type\":\"ReadAction\",\"target\":[\"https:\\\/\\\/macrumo.com.pe\\\/paratuhogar\\\/producto\\\/colchones\\\/colchon-ergonomico-premiun-modelo-medallon-ergosoft-marca-paraiso-2-plazas-resortes-cosisoft-1-almohada-1-protector\\\/\"]}]},{\"@type\":\"ImageObject\",\"inLanguage\":\"es\",\"@id\":\"https:\\\/\\\/macrumo.com.pe\\\/paratuhogar\\\/producto\\\/colchones\\\/colchon-ergonomico-premiun-modelo-medallon-ergosoft-marca-paraiso-2-plazas-resortes-cosisoft-1-almohada-1-protector\\\/#primaryimage\",\"url\":\"https:\\\/\\\/macrumo.com.pe\\\/paratuhogar\\\/wp-content\\\/uploads\\\/2024\\\/07\\\/COLCHON-PARAISO-ERGONOMICO-PREMIUN-MODELO-MEDALLON-ERGOSOFT-2-PLAZAS-299-RESORTES-COSISOFT-1-ALMOHADA-1-PROTECTOR.jpg\",\"contentUrl\":\"https:\\\/\\\/macrumo.com.pe\\\/paratuhogar\\\/wp-content\\\/uploads\\\/2024\\\/07\\\/COLCHON-PARAISO-ERGONOMICO-PREMIUN-MODELO-MEDALLON-ERGOSOFT-2-PLAZAS-299-RESORTES-COSISOFT-1-ALMOHADA-1-PROTECTOR.jpg\",\"width\":800,\"height\":800},{\"@type\":\"BreadcrumbList\",\"@id\":\"https:\\\/\\\/macrumo.com.pe\\\/paratuhogar\\\/producto\\\/colchones\\\/colchon-ergonomico-premiun-modelo-medallon-ergosoft-marca-paraiso-2-plazas-resortes-cosisoft-1-almohada-1-protector\\\/#breadcrumb\",\"itemListElement\":[{\"@type\":\"ListItem\",\"position\":1,\"name\":\"Portada\",\"item\":\"https:\\\/\\\/macrumo.com.pe\\\/paratuhogar\\\/\"},{\"@type\":\"ListItem\",\"position\":2,\"name\":\"Tienda\",\"item\":\"https:\\\/\\\/macrumo.com.pe\\\/paratuhogar\\\/tienda\\\/\"},{\"@type\":\"ListItem\",\"position\":3,\"name\":\"COLCHON PARAISO ERGONOMICO PREMIUN MODELO: MEDALL\u00d3N ERGOSOFT 2 PLAZAS (299 RESORTES COSISOFT) + 1 ALMOHADA + 1 PROTECTOR\"}]},{\"@type\":\"WebSite\",\"@id\":\"https:\\\/\\\/macrumo.com.pe\\\/paratuhogar\\\/#website\",\"url\":\"https:\\\/\\\/macrumo.com.pe\\\/paratuhogar\\\/\",\"name\":\"Macrumo\",\"description\":\"Macrumo\",\"publisher\":{\"@id\":\"https:\\\/\\\/macrumo.com.pe\\\/paratuhogar\\\/#organization\"},\"potentialAction\":[{\"@type\":\"SearchAction\",\"target\":{\"@type\":\"EntryPoint\",\"urlTemplate\":\"https:\\\/\\\/macrumo.com.pe\\\/paratuhogar\\\/?s={search_term_string}\"},\"query-input\":{\"@type\":\"PropertyValueSpecification\",\"valueRequired\":true,\"valueName\":\"search_term_string\"}}],\"inLanguage\":\"es\"},{\"@type\":\"Organization\",\"@id\":\"https:\\\/\\\/macrumo.com.pe\\\/paratuhogar\\\/#organization\",\"name\":\"Macrumo\",\"url\":\"https:\\\/\\\/macrumo.com.pe\\\/paratuhogar\\\/\",\"logo\":{\"@type\":\"ImageObject\",\"inLanguage\":\"es\",\"@id\":\"https:\\\/\\\/macrumo.com.pe\\\/paratuhogar\\\/#\\\/schema\\\/logo\\\/image\\\/\",\"url\":\"https:\\\/\\\/macrumo.com.pe\\\/paratuhogar\\\/wp-content\\\/uploads\\\/2023\\\/02\\\/Macrumo_logo.png\",\"contentUrl\":\"https:\\\/\\\/macrumo.com.pe\\\/paratuhogar\\\/wp-content\\\/uploads\\\/2023\\\/02\\\/Macrumo_logo.png\",\"width\":500,\"height\":148,\"caption\":\"Macrumo\"},\"image\":{\"@id\":\"https:\\\/\\\/macrumo.com.pe\\\/paratuhogar\\\/#\\\/schema\\\/logo\\\/image\\\/\"},\"sameAs\":[\"https:\\\/\\\/www.facebook.com\\\/Macrumo.com.pe\",\"https:\\\/\\\/www.instagram.com\\\/muebles.macrumo\\\/\",\"https:\\\/\\\/www.tiktok.com\\\/@muebles.macrumo\"]}]}<\/script>\n<!-- \/ Yoast SEO Premium plugin. -->","yoast_head_json":{"title":"COLCHON PARAISO ERGONOMICO PREMIUN MODELO: MEDALL\u00d3N ERGOSOFT 2 PLAZAS (299 RESORTES COSISOFT) + 1 ALMOHADA + 1 PROTECTOR - Macrumo","robots":{"index":"index","follow":"follow","max-snippet":"max-snippet:-1","max-image-preview":"max-image-preview:large","max-video-preview":"max-video-preview:-1"},"canonical":"https:\/\/macrumo.com.pe\/paratuhogar\/producto\/colchones\/colchon-ergonomico-premiun-modelo-medallon-ergosoft-marca-paraiso-2-plazas-resortes-cosisoft-1-almohada-1-protector\/","og_locale":"es_ES","og_type":"article","og_title":"COLCHON PARAISO ERGONOMICO PREMIUN MODELO: MEDALL\u00d3N ERGOSOFT 2 PLAZAS (299 RESORTES COSISOFT) + 1 ALMOHADA + 1 PROTECTOR","og_description":"La l\u00ednea\u00a0Medall\u00f3n Ergo\u00a0est\u00e1 elaborada con resistente tela Jacquard.Sus resortes Cosisoft proporcionan mayor ergonom\u00eda y su\u00a0espuma prensada\u00a0mayor firmeza para brindar un buen soporte durante el descanso. Adem\u00e1s, cuenta con el sistema Flow Cell que permite el libre paso del aire y un acolchado Ergosoft que brinda extra comodidad. Para\u00edso te ofrece productos de calidad con una garant\u00eda de\u00a06 a\u00f1os para el panel de resortes,\u00a03 a\u00f1os para telas y capas internas.  &nbsp;    Alto 27 cm   Ancho 135 cm   Color Blanco   Garant\u00eda 7 a\u00f1os   Incluye 01 almohada de fibra sint\u00e9tica + 01 protector de tela sint\u00e9tica   Modelo Medall\u00f3n Ergosoft   N\u00famero de cajones No   Profundidad 190 cm   Sistema De Ventilaci\u00f3n S\u00cd   Beneficios Elaborado con espumas Zebra y resortes Cosisoft, Medall\u00f3n Ergo est\u00e1 cubierto con tejido de punto en la tapa y resistente tela Jacquard en la banda. Adem\u00e1s, cuenta con el sistema Flow Cell que permite el libre paso del aire un acolchado ergosoft que brinda extra comodidad.   Cantidad De Resortes 299   Familia Premium   Lados De Uso 1   Material De La Tela Del Colch\u00f3n Jacquard   Incluye Almohada S\u00ed   Incluye Protector S\u00ed   Largo (Cm) 190   Plazas 1.5   Tipo de Resortes Cosisoft","og_url":"https:\/\/macrumo.com.pe\/paratuhogar\/producto\/colchones\/colchon-ergonomico-premiun-modelo-medallon-ergosoft-marca-paraiso-2-plazas-resortes-cosisoft-1-almohada-1-protector\/","og_site_name":"Macrumo","article_publisher":"https:\/\/www.facebook.com\/Macrumo.com.pe","article_modified_time":"2026-03-18T23:22:29+00:00","og_image":[{"width":800,"height":800,"url":"https:\/\/macrumo.com.pe\/paratuhogar\/wp-content\/uploads\/2024\/07\/COLCHON-PARAISO-ERGONOMICO-PREMIUN-MODELO-MEDALLON-ERGOSOFT-2-PLAZAS-299-RESORTES-COSISOFT-1-ALMOHADA-1-PROTECTOR.jpg","type":"image\/jpeg"}],"twitter_card":"summary_large_image","twitter_misc":{"Tiempo de lectura":"1 minuto"},"schema":{"@context":"https:\/\/schema.org","@graph":[{"@type":"WebPage","@id":"https:\/\/macrumo.com.pe\/paratuhogar\/producto\/colchones\/colchon-ergonomico-premiun-modelo-medallon-ergosoft-marca-paraiso-2-plazas-resortes-cosisoft-1-almohada-1-protector\/","url":"https:\/\/macrumo.com.pe\/paratuhogar\/producto\/colchones\/colchon-ergonomico-premiun-modelo-medallon-ergosoft-marca-paraiso-2-plazas-resortes-cosisoft-1-almohada-1-protector\/","name":"COLCHON PARAISO ERGONOMICO PREMIUN MODELO: MEDALL\u00d3N ERGOSOFT 2 PLAZAS (299 RESORTES COSISOFT) + 1 ALMOHADA + 1 PROTECTOR - Macrumo","isPartOf":{"@id":"https:\/\/macrumo.com.pe\/paratuhogar\/#website"},"primaryImageOfPage":{"@id":"https:\/\/macrumo.com.pe\/paratuhogar\/producto\/colchones\/colchon-ergonomico-premiun-modelo-medallon-ergosoft-marca-paraiso-2-plazas-resortes-cosisoft-1-almohada-1-protector\/#primaryimage"},"image":{"@id":"https:\/\/macrumo.com.pe\/paratuhogar\/producto\/colchones\/colchon-ergonomico-premiun-modelo-medallon-ergosoft-marca-paraiso-2-plazas-resortes-cosisoft-1-almohada-1-protector\/#primaryimage"},"thumbnailUrl":"https:\/\/macrumo.com.pe\/paratuhogar\/wp-content\/uploads\/2024\/07\/COLCHON-PARAISO-ERGONOMICO-PREMIUN-MODELO-MEDALLON-ERGOSOFT-2-PLAZAS-299-RESORTES-COSISOFT-1-ALMOHADA-1-PROTECTOR.jpg","datePublished":"2024-05-26T22:26:25+00:00","dateModified":"2026-03-18T23:22:29+00:00","breadcrumb":{"@id":"https:\/\/macrumo.com.pe\/paratuhogar\/producto\/colchones\/colchon-ergonomico-premiun-modelo-medallon-ergosoft-marca-paraiso-2-plazas-resortes-cosisoft-1-almohada-1-protector\/#breadcrumb"},"inLanguage":"es","potentialAction":[{"@type":"ReadAction","target":["https:\/\/macrumo.com.pe\/paratuhogar\/producto\/colchones\/colchon-ergonomico-premiun-modelo-medallon-ergosoft-marca-paraiso-2-plazas-resortes-cosisoft-1-almohada-1-protector\/"]}]},{"@type":"ImageObject","inLanguage":"es","@id":"https:\/\/macrumo.com.pe\/paratuhogar\/producto\/colchones\/colchon-ergonomico-premiun-modelo-medallon-ergosoft-marca-paraiso-2-plazas-resortes-cosisoft-1-almohada-1-protector\/#primaryimage","url":"https:\/\/macrumo.com.pe\/paratuhogar\/wp-content\/uploads\/2024\/07\/COLCHON-PARAISO-ERGONOMICO-PREMIUN-MODELO-MEDALLON-ERGOSOFT-2-PLAZAS-299-RESORTES-COSISOFT-1-ALMOHADA-1-PROTECTOR.jpg","contentUrl":"https:\/\/macrumo.com.pe\/paratuhogar\/wp-content\/uploads\/2024\/07\/COLCHON-PARAISO-ERGONOMICO-PREMIUN-MODELO-MEDALLON-ERGOSOFT-2-PLAZAS-299-RESORTES-COSISOFT-1-ALMOHADA-1-PROTECTOR.jpg","width":800,"height":800},{"@type":"BreadcrumbList","@id":"https:\/\/macrumo.com.pe\/paratuhogar\/producto\/colchones\/colchon-ergonomico-premiun-modelo-medallon-ergosoft-marca-paraiso-2-plazas-resortes-cosisoft-1-almohada-1-protector\/#breadcrumb","itemListElement":[{"@type":"ListItem","position":1,"name":"Portada","item":"https:\/\/macrumo.com.pe\/paratuhogar\/"},{"@type":"ListItem","position":2,"name":"Tienda","item":"https:\/\/macrumo.com.pe\/paratuhogar\/tienda\/"},{"@type":"ListItem","position":3,"name":"COLCHON PARAISO ERGONOMICO PREMIUN MODELO: MEDALL\u00d3N ERGOSOFT 2 PLAZAS (299 RESORTES COSISOFT) + 1 ALMOHADA + 1 PROTECTOR"}]},{"@type":"WebSite","@id":"https:\/\/macrumo.com.pe\/paratuhogar\/#website","url":"https:\/\/macrumo.com.pe\/paratuhogar\/","name":"Macrumo","description":"Macrumo","publisher":{"@id":"https:\/\/macrumo.com.pe\/paratuhogar\/#organization"},"potentialAction":[{"@type":"SearchAction","target":{"@type":"EntryPoint","urlTemplate":"https:\/\/macrumo.com.pe\/paratuhogar\/?s={search_term_string}"},"query-input":{"@type":"PropertyValueSpecification","valueRequired":true,"valueName":"search_term_string"}}],"inLanguage":"es"},{"@type":"Organization","@id":"https:\/\/macrumo.com.pe\/paratuhogar\/#organization","name":"Macrumo","url":"https:\/\/macrumo.com.pe\/paratuhogar\/","logo":{"@type":"ImageObject","inLanguage":"es","@id":"https:\/\/macrumo.com.pe\/paratuhogar\/#\/schema\/logo\/image\/","url":"https:\/\/macrumo.com.pe\/paratuhogar\/wp-content\/uploads\/2023\/02\/Macrumo_logo.png","contentUrl":"https:\/\/macrumo.com.pe\/paratuhogar\/wp-content\/uploads\/2023\/02\/Macrumo_logo.png","width":500,"height":148,"caption":"Macrumo"},"image":{"@id":"https:\/\/macrumo.com.pe\/paratuhogar\/#\/schema\/logo\/image\/"},"sameAs":["https:\/\/www.facebook.com\/Macrumo.com.pe","https:\/\/www.instagram.com\/muebles.macrumo\/","https:\/\/www.tiktok.com\/@muebles.macrumo"]}]}},"_links":{"self":[{"href":"https:\/\/macrumo.com.pe\/paratuhogar\/wp-json\/wp\/v2\/product\/3110","targetHints":{"allow":["GET"]}}],"collection":[{"href":"https:\/\/macrumo.com.pe\/paratuhogar\/wp-json\/wp\/v2\/product"}],"about":[{"href":"https:\/\/macrumo.com.pe\/paratuhogar\/wp-json\/wp\/v2\/types\/product"}],"replies":[{"embeddable":true,"href":"https:\/\/macrumo.com.pe\/paratuhogar\/wp-json\/wp\/v2\/comments?post=3110"}],"wp:featuredmedia":[{"embeddable":true,"href":"https:\/\/macrumo.com.pe\/paratuhogar\/wp-json\/wp\/v2\/media\/4558"}],"wp:attachment":[{"href":"https:\/\/macrumo.com.pe\/paratuhogar\/wp-json\/wp\/v2\/media?parent=3110"}],"wp:term":[{"taxonomy":"product_brand","embeddable":true,"href":"https:\/\/macrumo.com.pe\/paratuhogar\/wp-json\/wp\/v2\/product_brand?post=3110"},{"taxonomy":"product_cat","embeddable":true,"href":"https:\/\/macrumo.com.pe\/paratuhogar\/wp-json\/wp\/v2\/product_cat?post=3110"},{"taxonomy":"product_tag","embeddable":true,"href":"https:\/\/macrumo.com.pe\/paratuhogar\/wp-json\/wp\/v2\/product_tag?post=3110"},{"taxonomy":"manta","embeddable":true,"href":"https:\/\/macrumo.com.pe\/paratuhogar\/wp-json\/wp\/v2\/manta?post=3110"},{"taxonomy":"temporada","embeddable":true,"href":"https:\/\/macrumo.com.pe\/paratuhogar\/wp-json\/wp\/v2\/temporada?post=3110"},{"taxonomy":"estilo","embeddable":true,"href":"https:\/\/macrumo.com.pe\/paratuhogar\/wp-json\/wp\/v2\/estilo?post=3110"},{"taxonomy":"tamano","embeddable":true,"href":"https:\/\/macrumo.com.pe\/paratuhogar\/wp-json\/wp\/v2\/tamano?post=3110"}],"curies":[{"name":"wp","href":"https:\/\/api.w.org\/{rel}","templated":true}]}}